 7*b + 3*k - 129. What is the remainder when b is divided by x?
4
Suppose 4*n + 4*u - 22 - 14 = 0, 4*n + 3*u - 31 = 0. Let b(g) = 13*g**2 + 377*g + 27. Calculate the remainder when b(-29) is divided by n.
3
Let n = -10 - -25. Let w(j) = -2*j**2 - 41*j + 41. Let u be w(-21). Let z = u + 38. Calculate the remainder when z is divided by n.
13
Suppose -2*c - 12*c = -13*c. Let z(g) = g**3 - 2*g**2 + 2*g + 110. Calculate the remainder when z(c) is divided by 14.
12
Let t(f) = f**3 + 43*f**2 + 349*f - 1. Calculate the remainder when t(-29) is divided by 1642.
10
Suppose 18241 - 1052 = 1034*b - 7627. Let p(d) = 211*d**2 + 1. What is the remainder when p(-1) is divided by b?
20
Let z = -2641 - -2690. Let k(q) = 130*q + 1. Calculate the remainder when k(3) is divided by z.
48
Suppose z = 4*z - 93. Let m = -5926 + 5981. What is the remainder when m is divided by z?
24
Let a = -8697 - -8824. Calculate the remainder when 631 is divided by a.
123
Suppose -33*x + 7*x + 16*x = -350. Calculate the remainder when 2029 is divided by x.
34
Let c(b) = b**2 - 4*b + 3. Let p be c(4). Suppose 2*o = -3 + p. Suppose o*k = k - 3*t - 10, -t + 40 = 4*k. Calculate the remainder when 56 is divided by k.
6
Let v = 145 - 300. Let z = v + 176. Calculate the remainder when 523 is divided by z.
19
What is the remainder when -52*(-12 + (-528)/64) is divided by 184?
133
Let c = 72 + -49. Let z be 7/((-7)/(-4))*(-122)/8. What is the remainder when c is divided by z/(-5) + (-4)/(-5)?
10
Suppose -4*a - 12*z = -15*z - 32142, a + 5*z = 8047. What is the remainder when a is divided by 60?
57
Let f = 17393 - 15037. What is the remainder when f is divided by 52?
16
Let m(s) = 68*s + 4094. What is the remainder when 1693 is divided by m(-56)?
263
Let d(b) = -10*b - 4. Suppose 8*m + 24*m + 3456 = 0. Let s = m + 127. What is the remainder when d(-6) is divided by s?
18
Suppose -5*u = -4*h + 21, 4*h + 0*h - 24 = 4*u. Suppose 7*w + h - 23 = 0. Calculate the remainder when 4 - w - 2 - -37 is divided by 13.
11
Calculate the remainder when 919 is divided by (-92050)/(-800) - (-4)/(-64).
114
Let o(g) = -841*g - 7432. What is the remainder when 12327 is divided by o(-9)?
134
Let c(i) = -i**3 + 25*i**2 - 15*i + 14. Let a be c(25). Let l = 514 + a. What is the remainder when l is divided by 31?
29
Suppose -5*k - 6*g + 135 = 0, -5*k - 3*g + 106 = -44. What is the remainder when 227 is divided by k?
29
Let d(w) = 65*w - 342. What is the remainder when d(7) is divided by 57?
56
Let y(x) = 3 + 991*x**2 - 434*x**2 + 13*x - 2. What is the remainder when y(-1) is divided by 14?
13
Let o be 6 + (1 - 5) + 0. What is the remainder when 98 + 4 + (o - 6) is divided by 9?
8
Let a be -1*(21/3)/(-7). Calculate the remainder when (-47 - -51)/(a/5) is divided by 7.
6
Let z(l) = 11*l**3 - 3*l**2 - 4*l + 3. Let r be z(2). Let f = 71 - r. Let j(w) = -w**3 + 4*w + 35. What is the remainder when 103 is divided by j(f)?
33
Let k be ((-30)/25)/((-1)/290). Let t = -255 + k. Calculate the remainder when t is divided by 48.
45
Let j(o) = 7*o**2 + 222*o + 688. Calculate the remainder when 183 is divided by j(-3).
13
Suppose -3*d - 2*q = -24, 4*d + 2*q - 22 = 10. Calculate the remainder when -4*(-4)/d - -6 is divided by 4.
0
What is the remainder when 5/(-6) + 2110235/582 is divided by 98?
97
Let r(q) = -q**3 + 11*q**2 + 23*q + 57. Let u be -10 + 801/36 + 6/8. What is the remainder when 73 is divided by r(u)?
1
Let c(u) = u + 26. Let b be c(-7). Suppose b*p - 376 = 726. What is the remainder when p is divided by 6?
4
Let l(v) = 4*v**2 - 13*v. Suppose 5*p - 26 = 3*j, -2*p + 4*j - 4 + 6 = 0. Calculate the remainder when l(p) is divided by 6.
3
Let j = 2062 + -505. What is the remainder when j is divided by 78?
75
Let o = -3482 - -3551. Let h(t) = t**2 + 2*t - 1. Calculate the remainder when o is divided by h(2).
6
Let r be (-3 - (0 - 7)) + (-1)/(-1). What is the remainder when (r - (4 - -4))*(0 + -87) is divided by 44?
41
Let d be 4 - 1/((-3)/(-522)). Let p = -91 - d. Calculate the remainder when p is divided by 240/72*(-24)/(-5).
15
Suppose -25*u + 34*u - 54 = 0. What is the remainder when 24/168 - 404/(-14) is divided by u?
5
Let v be -1 + -3 - 24/3. Let p = 110 + v. Suppose 4*z - p = -3*z. Calculate the remainder when 25 is divided by z.
11
Suppose 2*z - 250 = -3*x, -5*z + 2*x + 625 = -0*x. Let q = 267 - z. Calculate the remainder when q is divided by (49/(-2))/((-15)/30).
44
Suppose 0 = -2*d - 0*d + 4. Suppose 9 = 4*k - 4*o + 3*o, d*k = -o - 3. What is the remainder when (-3 + k + 28)*2 is divided by 9?
7
Let r = -126 + 134. Let o(q) = -3*q**2 - r*q**2 + 13*q**2 - 22 + 4*q. Calculate the remainder when o(-7) is divided by 7.
6
Suppose -2*i - 7732 = 5*a - 40016, -3 = i. What is the remainder when a is divided by 13?
10
Let i(y) = y**2 - 16*y + 16. Let s be i(15). Let t(f) = 69*f**3 - f**2 - f. Calculate the remainder when t(s) is divided by 38.
29
Let w(y) = 13*y + 25. Let r(b) = 2*b + 1. Let z(a) = -6*r(a) + w(a). Let u be z(-14). Suppose 44 = u*o - 26. Calculate the remainder when 53 is divided by o.
11
Let c = 6999 + -6983. What is the remainder when 12526 is divided by c?
14
What is the remainder when 6137 is divided by 74/5*110/(-2 + 24)?
69
Let q = 241 + -133. Suppose 0 = 12*p - 3*p - q. Let c(k) = k**2 + 3*k + 3. Calculate the remainder when c(4) is divided by p.
7
Let t(b) = -28*b - 32. Let j = -10 - -14. Let f be t(j). Let m = f + 147. Calculate the remainder when 12 is divided by m.
0
Suppose -5*b + q = 402 + 416, -3*b = 3*q + 480. Let f be 3/(-6)*(1 + b). Suppose 14*s - f = 5*s. What is the remainder when 33 is divided by s?
6
Suppose 2*p - 5*i - 2 = -10, 4*p + 16 = -5*i. Suppose 5319 = 7*o + 5214. Calculate the remainder when 6/p*444/(-9) is divided by o.
14
Suppose -5*i - 4*m = -840, m = 5*i - 1214 + 374. Calculate the remainder when i is divided by 140.
28
Suppose -3*z - 134 = 1246. Let h be -2*2/8*-10*1. What is the remainder when (z/(-25))/((-1)/(h/(-2))) is divided by 16?
14
Let n(h) = 3*h**3 - 11*h**2 + 2*h + 31. Calculate the remainder when 667 is divided by n(0).
16
Suppose 18 = 3*w + 6. Suppose -w*v + 2*v + 2 = 0. What is the remainder when (v - 10/5)/((-2)/62) is divided by 8?
7
Let v(n) = -3*n**2 - 28*n - 44. Let m be v(-12). Let u = 160 + m. Calculate the remainder when 71 is divided by u.
11
Let m(j) = 69*j - 18. Let y be m(-6). Let c = y - -448. Calculate the remainder when (2 - -27*1) + 2 is divided by c.
15
Suppose 104*r - 3379 = -124*r + 23297. Calculate the remainder when r is divided by -2 + (-1*2 - -63).
58
Let f = 29 + -23. Let u = -85 - -108. What is the remainder when u is divided by 6/45*f*10?
7
Let j(m) = 2*m**2 - 3*m + 3. Let h be j(-10). Suppose 0 = -5*l + 83 - h. Let c = l + 45. Calculate the remainder when 29 is divided by c.
14
Let l(u) = -6*u**3 + 2*u**2 - 5*u + 21. What is the remainder when l(-8) is divided by 14?
13
Let t = 612 - 386. Let j = t + -215. Calculate the remainder when 250 is divided by j.
8
Let i be (-1 - (-9)/(-3)) + (-8)/(-8). What is the remainder when 98 is divided by i - -1*145/5?
20
Let f be -8 + (6 - -6) + -8. Suppose 0 = 5*q - 2 - 3. What is the remainder when 37 is divided by 38*(f/(-8) + q - 1)?
18
Suppose 3*v - 2*h - 103 = 0, -2*v - 3*h + 136 = 50. Suppose 0 = -m + 5*k + 5, -5 = -m - 3*k + 16. What is the remainder when v is divided by m?
7
Suppose 91*k + 160 = 92*k + 5*p, -3*p + 674 = 4*k. What is the remainder when 374 is divided by k?
34
Suppose -2*d + 23 = 4*c + 5, -4*c - 20 = 0. Let z = -596 - -605. Calculate the remainder when z/(1053/8593) - (-4)/(-9) is divided by d.
16
Let w = 47 + -26. Let n(l) be the second derivative of -l**3/3 + 45*l**2/2 + 6*l. Calculate the remainder when 32 is divided by n(w).
2
What is the remainder when 1488/(1*-2)*174/(-348) is divided by 4?
0
Let g be 5 + 0/((-5)/5) + 4. Suppose -g*t - 147 = -534. Calculate the remainder when t is divided by 16.
11
Let b be (-6)/15 + 977/5 + 2. Suppose 3*h + 4*d - b = 0, -3*d - 50 = 2*h - 183. Calculate the remainder when h is divided by 15.
14
Let x(d) = -d**3 + 13*d**2 - 20*d - 18. Let q be x(11). Suppose q*b - 9 = 5*g - 4*g, -44 = -4*g - 4*b. What is the remainder when 45 is divided by g?
3
Suppose -2*b - 3*l = -44, 23*b + 3*l = 20*b + 72. Calculate the remainder when 105 is divide